ed by 13?
10
What is the remainder when 2458018 is divided by 31?
28
What is the remainder when 654701 is divided by 493?
490
Calculate the remainder when 4301 is divided by 575.
276
What is the remainder when 6233 is divided by 352?
249
Calculate the remainder when 13770 is divided by 179.
166
What is the remainder when 96057 is divided by 20?
17
Calculate the remainder when 22514 is divided by 1251.
1247
What is the remainder when 90944 is divided by 312?
152
What is the remainder when 166009 is divided by 188?
5
What is the remainder when 43878 is divided by 1624?
30
Calculate the remainder when 16154 is divided by 16086.
68
Calculate the remainder when 358060 is divided by 277.
176
Calculate the remainder when 5532 is divided by 135.
132
What is the remainder when 655215 is divided by 184?
175
What is the remainder when 22716 is divided by 53?
32
Calculate the remainder when 3934116 is divided by 1709.
1707
Calculate the remainder when 8753 is divided by 7.
3
Calculate the remainder when 2671 is divided by 9.
7
What is the remainder when 144 is divided by 21?
18
Calculate the remainder when 2079 is divided by 46.
9
Calculate the remainder when 1925 is divided by 1723.
202
What is the remainder when 16472 is divided by 123?
113
What is the remainder when 180776 is divided by 25820?
36
Calculate the remainder when 44565 is divided by 112.
101
Calculate the remainder when 3554 is divided by 181.
115
What is the remainder when 33382 is divided by 354?
106
Calculate the remainder when 4722 is divided by 1104.
306
What is the remainder when 806 is divided by 257?
35
What is the remainder when 22874 is divided by 47?
32
What is the remainder when 324221 is divided by 637?
625
Calculate the remainder when 23340 is divided by 23313.
27
Calculate the remainder when 2437866 is divided by 812618.
12
What is the remainder when 78457 is divided by 862?
15
Calculate the remainder when 16128 is divided by 645.
3
What is the remainder when 119655 is divided by 462?
459
Calculate the remainder when 544572 is divided by 323.
317
Calculate the remainder when 118611 is divided by 3120.
51
Calculate the remainder when 18185 is divided by 6044.
53
What is the remainder when 7343 is divided by 16?
15
Calculate the remainder when 37725 is divided by 96.
93
Calculate the remainder when 45550 is divided by 83.
66
Calculate the remainder when 82960 is divided by 33.
31
Calculate the remainder when 9436765 is divided by 332.
329
Calculate the remainder when 107 is divided by 16.
11
What is the remainder when 418544 is divided by 137?
9
What is the remainder when 5973 is divided by 364?
149
Calculate the remainder when 55132 is divided by 51.
1
Calculate the remainder when 352493 is divided by 37.
31
What is the remainder when 1658 is divided by 744?
170
Calculate the remainder when 475 is divided by 150.
25
What is the remainder when 12053 is divided by 23?
1
What is the remainder when 8682 is divided by 222?
24
What is the remainder when 14133315 is divided by 557?
554
Calculate the remainder when 49293 is divided by 340.
333
Calculate the remainder when 215038 is divided by 48.
46
Calculate the remainder when 237426 is divided by 2139.
2136
Calculate the remainder when 31072 is divided by 7765.
12
What is the remainder when 1164889 is divided by 82?
79
What is the remainder when 3796 is divided by 1812?
172
Calculate the remainder when 4291947 is divided by 465.
462
Calculate the remainder when 304 is divided by 243.
61
What is the remainder when 47637 is divided by 1701?
9
What is the remainder when 10298 is divided by 581?
421
What is the remainder when 15547 is divided by 1058?
735
Calculate the remainder when 43115 is divided by 312.
59
What is the remainder when 8138 is divided by 35?
18
What is the remainder when 488064 is divided by 110?
104
What is the remainder when 153946 is divided by 153859?
87
What is the remainder when 157 is divided by 123?
34
Calculate the remainder when 223394 is divided by 29.
7
What is the remainder when 141885 is divided by 18?
9
Calculate the remainder when 5139 is divided by 286.
277
What is the remainder when 87378 is divided by 43548?
282
Calculate the remainder when 1800 is divided by 592.
24
Calculate the remainder when 85681 is divided by 209.
200
Calculate the remainder when 7404 is divided by 1051.
47
What is the remainder when 4192 is divided by 526?
510
What is the remainder when 47679 is divided by 15?
9
Calculate the remainder when 54280 is divided by 18086.
22
Calculate the remainder when 1247 is divided by 8.
7
What is the remainder when 1165634 is divided by 46?
40
Calculate the remainder when 30727 is divided by 316.
75
Calculate the remainder when 3251485 is divided by 74.
73
What is the remainder when 1404658 is divided by 46?
2
What is the remainder when 83805 is divided by 130?
85
What is the remainder when 29284 is divided by 97?
87
Calculate the remainder when 1121 is divided by 443.
235
What is the remainder when 19211 is divided by 67?
49
What is the remainder when 5286 is divided by 28?
22
What is the remainder when 796 is divided by 48?
28
Calculate the remainder when 2074400 is divided by 67.
13
What is the remainder when 5023 is divided by 833?
25
What is the remainder when 10464 is divided by 2607?
36
What is the remainder when 212801 is divided by 760?
1
What is the remainder when 1579 is divided by 35?
4
Calculate the remainder when 412876 is divided by 260.
256
Calculate the remainder when 35079 is divided by 3890.
69
Calculate the remainder when 18029 is divided by 286.
11
Calculate the remainder when 14947 is divided by 7439.
69
What is the remainder when 19994 is divided by 20?
14
Calculate the remainder when 75065 is divided by 298.
267
Calculate the remainder when 33217 is divided by 19.
5
Calculate the remainder when 3049 is divided by 391.
312
Calculate the remainder when 49485 is divided by 635.
590
What is the remainder when 64044 is divided by 821?
6
Calculate the remainder when 35470 is divided by 40.
30
Calculate the remainder when 2906 is divided by 320.
26
What is the remainder when 88499 is divided by 697?
677
What is the remainder when 65040 is divided by 1510?
110
Calculate the remainder when 45272 is divided by 9054.
2
What is the remainder when 9823 is divided by 14?
9
What is the remainder when 1008 is divided by 61?
32
Calculate the remainder when 14517 is divided by 120.
117
What is the remainder when 2677 is divided by 67?
64
Calculate the remainder when 1740798 is divided by 1088.
1086
Calculate the remainder when 2794 is divided by 2412.
382
What is the remainder when 402 is divided by 13?
12
Calculate the remainder when 14523 is divided by 14504.
19
Calculate the remainder when 413161 is divided by 136.
129
What is the remainder when 1534239 is divided by 13?
5
Calculate the remainder when 1568 is divided by 70.
28
Calculate the remainder when 436 is divided by 205.
26
Calculate the remainder when 4546 is divided by 2985.
1561
What is the remainder when 31671 is divided by 55?
46
What is the remainder when 160821 is divided by 17?
1
Calculate the remainder when 19633 is divided by 78.
55
Calculate the remainder when 36808 is divided by 184.
8
What is the remainder when 350687 is divided by 350675?
12
Calculate the remainder when 3778 is divided by 43.
37
Calculate the remainder when 854 is divided by 281.
11
Calculate the remainder when 192559 is divided by 1301.
11
Calculate the remainder when 58484 is divided by 265.
184
What is the remainder when 427 is divided by 246?
181
Calculate the remainder when 1047 is divided by 716.
331
What is the remainder when 1430 is divided by 439?
113
Calculate the remainder when 14248 is divided by 81.
73
What is the remainder when 11429 is divided by 244?
205
What is the remainder when 4576 is divided by 1520?
16
Calculate the remainder when 15942 is divided by 7960.
22
Calculate the remainder when 397497 is divided by 250.
247
Calculate the remainder when 1443 is divided by 324.
147
Calculate the remainder when 3807 is divided by 169.
89
Calculate the remainder when 33033 is divided by 39.
0
What is the remainder when 30733 is divided by 242?
241
Calculate the remainder when 15272 is divided by 1903.
48
Calculate the remainder wh